{"id":644,"date":"2024-10-01T08:40:26","date_gmt":"2024-10-01T08:40:26","guid":{"rendered":"https:\/\/sites.nitm.ac.in\/icisnc\/?page_id=644"},"modified":"2025-09-16T11:59:10","modified_gmt":"2025-09-16T11:59:10","slug":"committee-2","status":"publish","type":"page","link":"https:\/\/sites.nitm.ac.in\/icisnc\/committee-2\/","title":{"rendered":"Committee"},"content":{"rendered":"\t\t<div data-elementor-type=\"wp-page\" data-elementor-id=\"644\" class=\"elementor elementor-644\" data-elementor-post-type=\"page\">\n\t\t\t\t\t\t\t<div class=\"has_eae_slider elementor-element elementor-element-4922952d e-con-full e-flex e-con\" data-id=\"4922952d\" data-element_type=\"container\" data-settings=\"{&quot;content_width&quot;:&quot;full&quot;}\">\n\t\t<div class=\"has_eae_slider elementor-element elementor-element-20a854c8 e-flex e-con-boxed e-con\" data-id=\"20a854c8\" data-element_type=\"container\" data-settings=\"{&quot;content_width&quot;:&quot;boxed&quot;}\">\n\t\t\t\t\t<div class=\"e-con-inner\">\n\t\t\t\t<div class=\"elementor-element elementor-element-1a137bfd elementor-widget elementor-widget-heading\" data-id=\"1a137bfd\" data-element_type=\"widget\" data-widget_type=\"heading.default\">\n\t\t\t\t<div class=\"elementor-widget-container\">\n\t\t\t<style>\/*! elementor - v3.15.0 - 20-08-2023 *\/\n.elementor-heading-title{padding:0;margin:0;line-height:1}.elementor-widget-heading .elementor-heading-title[class*=elementor-size-]>a{color:inherit;font-size:inherit;line-height:inherit}.elementor-widget-heading .elementor-heading-title.elementor-size-small{font-size:15px}.elementor-widget-heading .elementor-heading-title.elementor-size-medium{font-size:19px}.elementor-widget-heading .elementor-heading-title.elementor-size-large{font-size:29px}.elementor-widget-heading .elementor-heading-title.elementor-size-xl{font-size:39px}.elementor-widget-heading .elementor-heading-title.elementor-size-xxl{font-size:59px}<\/style><h3 class=\"elementor-heading-title elementor-size-default\">Patron<\/h3>\t\t<\/div>\n\t\t\t\t<\/div>\n\t\t\t\t<div class=\"elementor-element elementor-element-3c4963b4 elementor-widget__width-inherit elementor-widget elementor-widget-text-editor\" data-id=\"3c4963b4\" data-element_type=\"widget\" data-widget_type=\"text-editor.default\">\n\t\t\t\t<div class=\"elementor-widget-container\">\n\t\t\t<style>\/*! elementor - v3.15.0 - 20-08-2023 *\/\n.elementor-widget-text-editor.elementor-drop-cap-view-stacked .elementor-drop-cap{background-color:#69727d;color:#fff}.elementor-widget-text-editor.elementor-drop-cap-view-framed .elementor-drop-cap{color:#69727d;border:3px solid;background-color:transparent}.elementor-widget-text-editor:not(.elementor-drop-cap-view-default) .elementor-drop-cap{margin-top:8px}.elementor-widget-text-editor:not(.elementor-drop-cap-view-default) .elementor-drop-cap-letter{width:1em;height:1em}.elementor-widget-text-editor .elementor-drop-cap{float:left;text-align:center;line-height:1;font-size:50px}.elementor-widget-text-editor .elementor-drop-cap-letter{display:inline-block}<\/style>\t\t\t\t<p>Prof. Pinakeswar Mahanta, Director, NIT Meghalaya, India<\/p>\t\t\t\t\t\t<\/div>\n\t\t\t\t<\/div>\n\t\t\t\t\t<\/div>\n\t\t\t\t<\/div>\n\t\t\t\t<\/div>\n\t\t<div class=\"has_eae_slider elementor-element elementor-element-41a6016c e-con-full e-flex e-con\" data-id=\"41a6016c\" data-element_type=\"container\" data-settings=\"{&quot;content_width&quot;:&quot;full&quot;}\">\n\t\t\t\t<div class=\"elementor-element elementor-element-9f0a160 elementor-widget__width-inherit elementor-widget elementor-widget-heading\" data-id=\"9f0a160\" data-element_type=\"widget\" data-widget_type=\"heading.default\">\n\t\t\t\t<div class=\"elementor-widget-container\">\n\t\t\t<h3 class=\"elementor-heading-title elementor-size-default\">General Chair<\/h3>\t\t<\/div>\n\t\t\t\t<\/div>\n\t\t\t\t<div class=\"elementor-element elementor-element-3489c3eb elementor-widget__width-inherit elementor-widget elementor-widget-text-editor\" data-id=\"3489c3eb\" data-element_type=\"widget\" data-widget_type=\"text-editor.default\">\n\t\t\t\t<div class=\"elementor-widget-container\">\n\t\t\t\t\t\t\t<p>Dr. Surmila Thokchom, CSE, NIT Meghalaya<\/p><p>Dr. Ngangbam Herojit Singh, CSE, NIT Meghalaya<\/p>\t\t\t\t\t\t<\/div>\n\t\t\t\t<\/div>\n\t\t\t\t<\/div>\n\t\t<div class=\"has_eae_slider elementor-element elementor-element-4b7b8df7 e-con-full e-flex e-con\" data-id=\"4b7b8df7\" data-element_type=\"container\" data-settings=\"{&quot;content_width&quot;:&quot;full&quot;}\">\n\t\t\t\t<div class=\"elementor-element elementor-element-66f79502 elementor-widget__width-inherit elementor-widget elementor-widget-heading\" data-id=\"66f79502\" data-element_type=\"widget\" data-widget_type=\"heading.default\">\n\t\t\t\t<div class=\"elementor-widget-container\">\n\t\t\t<h3 class=\"elementor-heading-title elementor-size-default\">General Co- Chairs<\/h3>\t\t<\/div>\n\t\t\t\t<\/div>\n\t\t\t\t<div class=\"elementor-element elementor-element-3071ddc4 elementor-widget__width-inherit elementor-widget elementor-widget-text-editor\" data-id=\"3071ddc4\" data-element_type=\"widget\" data-widget_type=\"text-editor.default\">\n\t\t\t\t<div class=\"elementor-widget-container\">\n\t\t\t\t\t\t\t<p>Prof. Diptendu Sinha Roy, Dean (R&amp;C), NIT Meghalaya<\/p><p>Dr. Deepak Kumar, HOD (CSE), NIT Meghalaya<\/p>\t\t\t\t\t\t<\/div>\n\t\t\t\t<\/div>\n\t\t\t\t<\/div>\n\t\t<div class=\"has_eae_slider elementor-element elementor-element-3e58fdac e-con-full e-flex e-con\" data-id=\"3e58fdac\" data-element_type=\"container\" data-settings=\"{&quot;content_width&quot;:&quot;full&quot;}\">\n\t\t\t\t<div class=\"elementor-element elementor-element-3ad22a66 elementor-widget__width-inherit elementor-widget elementor-widget-heading\" data-id=\"3ad22a66\" data-element_type=\"widget\" data-widget_type=\"heading.default\">\n\t\t\t\t<div class=\"elementor-widget-container\">\n\t\t\t<h3 class=\"elementor-heading-title elementor-size-default\">Organizing Chairs<\/h3>\t\t<\/div>\n\t\t\t\t<\/div>\n\t\t\t\t<div class=\"elementor-element elementor-element-6e5f61cb elementor-widget__width-inherit elementor-widget elementor-widget-text-editor\" data-id=\"6e5f61cb\" data-element_type=\"widget\" data-widget_type=\"text-editor.default\">\n\t\t\t\t<div class=\"elementor-widget-container\">\n\t\t\t\t\t\t\t<p>Dr. Thoudam Doren Singh, CSE, NIT Meghalaya<\/p><p>Dr. Ningthoujam Johny Singh, CSE, NIT Meghalaya<\/p><p>Dr. Akhilendra Pratap Singh, CSE, NIT Meghalaya<\/p><p>Dr. Diangarti Bhalang Tariang, CSE, NIT Meghalaya<\/p>\t\t\t\t\t\t<\/div>\n\t\t\t\t<\/div>\n\t\t\t\t<\/div>\n\t\t<div class=\"has_eae_slider elementor-element elementor-element-78e5890f e-con-full e-flex e-con\" data-id=\"78e5890f\" data-element_type=\"container\" data-settings=\"{&quot;content_width&quot;:&quot;full&quot;}\">\n\t\t\t\t<div class=\"elementor-element elementor-element-12964701 elementor-widget__width-inherit elementor-widget elementor-widget-heading\" data-id=\"12964701\" data-element_type=\"widget\" data-widget_type=\"heading.default\">\n\t\t\t\t<div class=\"elementor-widget-container\">\n\t\t\t<h3 class=\"elementor-heading-title elementor-size-default\">Internal Advisory Board<\/h3>\t\t<\/div>\n\t\t\t\t<\/div>\n\t\t\t\t<div class=\"elementor-element elementor-element-2237a06e elementor-widget__width-inherit elementor-widget elementor-widget-text-editor\" data-id=\"2237a06e\" data-element_type=\"widget\" data-widget_type=\"text-editor.default\">\n\t\t\t\t<div class=\"elementor-widget-container\">\n\t\t\t\t\t\t\t<p>Prof. Diptendu Sinha Roy, Dean (R&amp;C), NIT Meghalaya<\/p><p>\u00a0Prof. Anup Dandapat, Dean (AA), NIT Meghalaya<\/p><p>\u00a0Prof. Deba Kumar Sarma, Dean (P&amp;D), NIT Meghalaya<\/p><p>\u00a0Prof. Saikat Mukherjee, Dean (FW), NIT Meghalaya<\/p><p>\u00a0Prof. Paonam Sudeep Mangang, Dean (SW), NIT Meghalaya<\/p><p>\u00a0Prof. Harish Chandra Das, Dean (PRBR), NIT Meghalaya<\/p><p>Dr. Pradeep Kumar Rathore, HOD (ECE), NIT Meghalaya<\/p><p>\u00a0Dr. Sanjoy Debbarma , HOD (EE), NIT Meghalaya<\/p><p>Dr. Pradeep Kumar Gautam, HOD (CE), NIT Meghalaya<\/p><p>Dr. Biplab Kumar Debnath, HOD (ME), NIT Meghalaya<\/p><p>\u00a0Dr. Dr. Tikaram Subedi , HOD (MATH), NIT Meghalaya<\/p><p>\u00a0Dr. Tribedi Bora, HOD (PHY), NIT Meghalaya<\/p><p>\u00a0Prof. Gitish Kishor Dutta, HOD (CHEM), NIT Meghalaya<\/p><p>Dr. Shaoni Shabnam, HOD(HSS), NIT Meghalaya<\/p>\t\t\t\t\t\t<\/div>\n\t\t\t\t<\/div>\n\t\t\t\t<\/div>\n\t\t<div class=\"has_eae_slider elementor-element elementor-element-23924ec e-con-full e-flex e-con\" data-id=\"23924ec\" data-element_type=\"container\" data-settings=\"{&quot;content_width&quot;:&quot;full&quot;}\">\n\t\t\t\t<div class=\"elementor-element elementor-element-a339c8f elementor-widget__width-inherit elementor-widget elementor-widget-heading\" data-id=\"a339c8f\" data-element_type=\"widget\" data-widget_type=\"heading.default\">\n\t\t\t\t<div class=\"elementor-widget-container\">\n\t\t\t<h3 class=\"elementor-heading-title elementor-size-default\">External Advisory Committee<\/h3>\t\t<\/div>\n\t\t\t\t<\/div>\n\t\t\t\t<div class=\"elementor-element elementor-element-15f6032 elementor-widget__width-inherit elementor-widget elementor-widget-text-editor\" data-id=\"15f6032\" data-element_type=\"widget\" data-widget_type=\"text-editor.default\">\n\t\t\t\t<div class=\"elementor-widget-container\">\n\t\t\t\t\t\t\t<p>Dr. Vicente Garcia Diaz, University of Oviedo, Spain <br \/>Dr. Sanjay Misra, Covenant University, Nigeria<\/p><p>Dr. Jorge Garc\u00eda Guti\u00e9rrez, University of Seville, Spain Jes\u00fas <br \/>Moreno-Le\u00f3n, University of Seville, Spain<\/p><p>Dr. Milos Stojmenovic, Singidunum University, Serbia <br \/>Georgios Tsaramirsis, Higher Colleges of Technology Womens <br \/>Campus, Abu Dhabi, UAE<\/p><p>Dr. Habil. Sven Groppe, University of L\u00fcbeckInstitute of <br \/>Information, Germany<\/p><p>Dr. Mohammad Yamin, King Abdulaziz University, Saudi <br \/>Arabia<\/p><p>Dr. Mukesh Misra, Application, Massey University, New <br \/>Zealand<\/p><p>Dr. Neha Mohanty, Institute of Technology, New Jersey, USA<\/p><p>Dr. Aleksandar Jevremovic, University of L\u00fcbeckInstitute of <br \/>Information, Germany<\/p><p>Dr. Jinghua Groppe, University of L\u00fcbeckInstitute of <br \/>Information, Germany<\/p><p>Dr. Abdulrhman M. Alshareef, King Abdulaziz University, <br \/>Jeddah, Saudi Arabia<\/p><p>Dr. Gourav Sen Gupta, Massey University, Palmerston North, <br \/>New Zealand<\/p><p>Dr. S. K. Ramesh, California State University, Northridge <br \/>California<\/p><p>Dr. Lal Hussain, University of Azad, King Abdullah Campus, <br \/>Pakistan <br \/><br \/>Dr. Mar\u00eda Jos\u00e9 Navarro Avil\u00e9s, Gijon Hospital, Asturias Spain <br \/>Dr. Ishani Priya Darshini, Berkeley School of Information, <br \/>Berkeley, USA <br \/><br \/>Dr. Santunu Choudhury, IIT jodhpur, Rajastan, India <br \/><br \/>Dr. Durga Prasad Mohapatro, NIT Rourkela, Odisha, India <br \/><br \/>Dr. Kuntal Ghosh, ISI Kolkota, India <br \/><br \/>Dr. Debasis Samanta, IIT Kharagpur, WB, India <br \/><br \/>Dr. Olfat M. Mirza, Umm Al-Qura University, Makkah, Saudi <br \/>Arabia <br \/><br \/>Dr. Aisha Alsobhi, King Abdulaziz University, Jeddah, Saudi <br \/>Arabia<\/p><p>Dr. Tawfiq Hasanin, King Abdulaziz University, Jeddah, Saudi <br \/>Arabia <br \/><br \/>Dr. Alaa O. Khadidos, King Abdulaziz University, Jeddah, Saudi <br \/>Arabia<\/p>\t\t\t\t\t\t<\/div>\n\t\t\t\t<\/div>\n\t\t\t\t<\/div>\n\t\t<div class=\"has_eae_slider elementor-element elementor-element-bf713a0 e-con-full e-flex e-con\" data-id=\"bf713a0\" data-element_type=\"container\" data-settings=\"{&quot;content_width&quot;:&quot;full&quot;}\">\n\t\t\t\t<div class=\"elementor-element elementor-element-4e75982 elementor-widget__width-inherit elementor-widget elementor-widget-heading\" data-id=\"4e75982\" data-element_type=\"widget\" data-widget_type=\"heading.default\">\n\t\t\t\t<div class=\"elementor-widget-container\">\n\t\t\t<h3 class=\"elementor-heading-title elementor-size-default\">Technical Program Committee<\/h3>\t\t<\/div>\n\t\t\t\t<\/div>\n\t\t\t\t<div class=\"elementor-element elementor-element-c2ad3c6 elementor-widget__width-inherit elementor-widget elementor-widget-text-editor\" data-id=\"c2ad3c6\" data-element_type=\"widget\" data-widget_type=\"text-editor.default\">\n\t\t\t\t<div class=\"elementor-widget-container\">\n\t\t\t\t\t\t\t<p>Prof. Khumanthem Manglem Singh, NIT Manipur, India <br \/><br \/>Prof. Rabul Hussain Laskar, NIT Silchar, India <br \/><br \/>Dr. Khelchandra Thongam, NIT Manipur, India <br \/><br \/>Dr. Salam Shuleenda Devi, NIT Meghalaya, India<\/p><p>Dr. Bishnulatpam Pushpa Devi, NIT Meghalaya, India <br \/><br \/>Dr. Kshetrimayum Milan Singh, NIT Meghalaya, India <br \/><br \/>Prof. Yonis Gulzar, King Faisal University, Saudi Arabia <br \/><br \/>Dr. Prakash Choudhary, Central University of Rajasthan, India <br \/><br \/>Prof. Munshi Saifuzzaman, Utah State University, USA <br \/><br \/>Prof. Sanasam Ranbir Singh, IIT Guwahati, India <br \/><br \/>Prof. Mrinal Kanti Deb Barma, NIT Agartala, India <br \/><br \/>Prof. Omprakash Kaiwartya, Nottingham Trent University, UK <br \/><br \/>Dr. Laiphrakpam Dolendro Singh, NIT Silchar, India <br \/><br \/>Prof. Themrichon Tuithung, NIT Nagaland, India <br \/><br \/>Dr. Arambam Neelima, NIT Nagaland, India <br \/><br \/>Prof. Dina Darwish, Ahram Canadian University, Egypt <br \/><br \/>Dr. Heisnam Rohen Singh, Nagaland University, India <br \/><br \/>Dr. Joyeeta Singha, LNMIIT Jaipur, India <br \/><br \/>Dr. Sandeep Kumar Dash, NIT Mizoram, India <br \/><br \/>Dr. Deepak Gupta, Maharaja Agrasen Institute of Technology,India <br \/><br \/>Dr. Lenin Laitonjam, NIT Mizoram, India <br \/><br \/>Dr. Nongmeikapam Kishorjit Singh, IIIT Manipur, India<\/p><p>Dr. Anupam Jamatia, NIT Agartala, India <br \/><br \/>Dr. Naresh Kumar, University of Nizwa, Oman<\/p><p>Dr. M. Attique Khan, Prince Mohammad bin Fahd University, Saudi Arabia <br \/><br \/>Dr. Ghanshyam Singh, University of Johannesburg, South Africa <br \/><br \/>Dr. Ali Ahmadian, Kean University, USA <br \/><br \/>Dr. Denis A. Pustokhin, State University of Management, Russia <br \/><br \/>Dr. Sathish Kumar, Cleveland State University, USA <br \/><br \/>Dr. Amit Kumar Singh, NIT Patna, India<\/p>\t\t\t\t\t\t<\/div>\n\t\t\t\t<\/div>\n\t\t\t\t<\/div>\n\t\t<div class=\"has_eae_slider elementor-element elementor-element-782246c e-con-full e-flex e-con\" data-id=\"782246c\" data-element_type=\"container\" data-settings=\"{&quot;content_width&quot;:&quot;full&quot;}\">\n\t\t\t\t<div class=\"elementor-element elementor-element-73efbd6 elementor-widget__width-inherit elementor-widget elementor-widget-heading\" data-id=\"73efbd6\" data-element_type=\"widget\" data-widget_type=\"heading.default\">\n\t\t\t\t<div class=\"elementor-widget-container\">\n\t\t\t<h3 class=\"elementor-heading-title elementor-size-default\">Organizing Committee<\/h3>\t\t<\/div>\n\t\t\t\t<\/div>\n\t\t\t\t<div class=\"elementor-element elementor-element-07c9681 elementor-widget__width-inherit elementor-widget elementor-widget-text-editor\" data-id=\"07c9681\" data-element_type=\"widget\" data-widget_type=\"text-editor.default\">\n\t\t\t\t<div class=\"elementor-widget-container\">\n\t\t\t\t\t\t\t<p>Dr. Deepak Kumar, CSE, NIT Meghalaya <br><br>Prof. Diptendu Sinha Roy, NIT Meghalaya <br><br>Dr. Surmila Thokchom, CSE, NIT Meghalaya <br><br>Dr. Akhilendra Pratap Singh, CSE, NIT Meghalaya <br><br>Dr. Ningthoujam Johny Singh, CSE, NIT Meghalaya <br><br>Dr. Diangarti Bhalang Tariang, CSE, NIT Meghalaya <br><br>Dr. Ngangbam Herojit Singh, CSE, NIT Meghalaya <br><br>Dr. Thoudam Doren Singh, CSE, NIT Meghalaya<\/p>\t\t\t\t\t\t<\/div>\n\t\t\t\t<\/div>\n\t\t\t\t<\/div>\n\t\t\t\t\t\t\t<\/div>\n\t\t","protected":false},"excerpt":{"rendered":"<p>Patron Prof. Pinakeswar Mahanta, Director, NIT Meghalaya, India General Chair Dr. Surmila Thokchom, CSE, NIT Meghalaya Dr. Ngangbam Herojit Singh, CSE, NIT Meghalaya General Co- Chairs Prof. Diptendu Sinha Roy, Dean (R&amp;C), NIT Meghalaya Dr. Deepak Kumar, HOD (CSE), NIT Meghalaya Organizing Chairs Dr. Thoudam Doren Singh, CSE, NIT Meghalaya Dr. Ningthoujam Johny Singh, CSE, [&hellip;]<\/p>\n","protected":false},"author":1,"featured_media":0,"parent":0,"menu_order":0,"comment_status":"closed","ping_status":"closed","template":"","meta":[],"_links":{"self":[{"href":"https:\/\/sites.nitm.ac.in\/icisnc\/wp-json\/wp\/v2\/pages\/644"}],"collection":[{"href":"https:\/\/sites.nitm.ac.in\/icisnc\/wp-json\/wp\/v2\/pages"}],"about":[{"href":"https:\/\/sites.nitm.ac.in\/icisnc\/wp-json\/wp\/v2\/types\/page"}],"author":[{"embeddable":true,"href":"https:\/\/sites.nitm.ac.in\/icisnc\/wp-json\/wp\/v2\/users\/1"}],"replies":[{"embeddable":true,"href":"https:\/\/sites.nitm.ac.in\/icisnc\/wp-json\/wp\/v2\/comments?post=644"}],"version-history":[{"count":123,"href":"https:\/\/sites.nitm.ac.in\/icisnc\/wp-json\/wp\/v2\/pages\/644\/revisions"}],"predecessor-version":[{"id":1428,"href":"https:\/\/sites.nitm.ac.in\/icisnc\/wp-json\/wp\/v2\/pages\/644\/revisions\/1428"}],"wp:attachment":[{"href":"https:\/\/sites.nitm.ac.in\/icisnc\/wp-json\/wp\/v2\/media?parent=644"}],"curies":[{"name":"wp","href":"https:\/\/api.w.org\/{rel}","templated":true}]}}